{"id":180,"date":"2025-01-08T22:17:20","date_gmt":"2025-01-08T21:17:20","guid":{"rendered":"http:\/\/avztxka.cluster100.hosting.ovh.net\/?page_id=180"},"modified":"2025-01-14T09:58:26","modified_gmt":"2025-01-14T08:58:26","slug":"emdr-dsa","status":"publish","type":"page","link":"https:\/\/www.hypnoter-et-mer.com\/index.php\/accueil\/emdr-dsa\/","title":{"rendered":"EMDR &#8211; DSA"},"content":{"rendered":"\t\t<div data-elementor-type=\"wp-page\" data-elementor-id=\"180\" class=\"elementor elementor-180\">\n\t\t\t\t<div class=\"elementor-element elementor-element-6e266761 e-flex e-con-boxed e-con e-parent\" data-id=\"6e266761\" data-element_type=\"container\" data-e-type=\"container\">\n\t\t\t\t\t<div class=\"e-con-inner\">\n\t\t\t\t<div class=\"elementor-element elementor-element-33046ef4 elementor-widget elementor-widget-text-editor\" data-id=\"33046ef4\" data-element_type=\"widget\" data-e-type=\"widget\" data-widget_type=\"text-editor.default\">\n\t\t\t\t<div class=\"elementor-widget-container\">\n\t\t\t\t\t\t\t\t\t\n<h2 class=\"wp-block-heading\">EMDR &#8211; DSA<\/h2>\n\n\n\n<p>Traitement des traumatismes et stress post traumatiques (deuil, viol, violences, accident, phobie, post partum&#8230;)<\/p>\n\t\t\t\t\t\t\t\t<\/div>\n\t\t\t\t<\/div>\n\t\t\t\t\t<\/div>\n\t\t\t\t<\/div>\n\t\t<div class=\"elementor-element elementor-element-4f0d72a e-flex e-con-boxed e-con e-parent\" data-id=\"4f0d72a\" data-element_type=\"container\" data-e-type=\"container\">\n\t\t\t\t\t<div class=\"e-con-inner\">\n\t\t\t\t<div class=\"elementor-element elementor-element-55fe80d elementor-widget elementor-widget-text-editor\" data-id=\"55fe80d\" data-element_type=\"widget\" data-e-type=\"widget\" data-widget_type=\"text-editor.default\">\n\t\t\t\t<div class=\"elementor-widget-container\">\n\t\t\t\t\t\t\t\t\t<p align=\"center\"><span style=\"color: #000000;\"><span style=\"font-family: Abel, sans-serif;\"><span style=\"font-size: medium;\">EMDR-DSA : protocole de d\u00e9sensibilisation de trauma.&nbsp;<\/span><\/span><\/span><\/p>\n<p align=\"center\"><span style=\"color: #000000;\"><span style=\"font-family: Abel, sans-serif;\"><span style=\"font-size: medium;\">Un traumatisme est pr\u00e9sent \u00e0 partir du moment o\u00f9 vous pouvez vous dire qu&rsquo;il y a eu,&nbsp;<\/span><\/span><\/span><\/p>\n<p align=\"center\"><span style=\"color: #000000;\"><span style=\"font-family: Abel, sans-serif;\"><span style=\"font-size: medium;\">un avant et un apr\u00e8s, dans votre vie par rapport \u00e0 une situation pr\u00e9cise<\/span><\/span><\/span><\/p>\n<p align=\"center\"><span style=\"color: #000000;\"><span style=\"font-family: Abel, sans-serif;\"><span style=\"font-size: medium;\">( attentat, viol, deuil, accident, burn out, douleurs chroniques, phobie,&#8230; et plein d&rsquo;autres ).<\/span><\/span><\/span><\/p>\t\t\t\t\t\t\t\t<\/div>\n\t\t\t\t<\/div>\n\t\t\t\t\t<\/div>\n\t\t\t\t<\/div>\n\t\t\t\t<\/div>\n\t\t","protected":false},"excerpt":{"rendered":"<p>EMDR &#8211; DSA Traitement des traumatismes et stress post traumatiques (deuil, viol, violences, accident, phobie, post partum&#8230;) EMDR-DSA : protocole de d\u00e9sensibilisation de trauma.&nbsp; Un traumatisme est pr\u00e9sent \u00e0 partir du moment o\u00f9 vous pouvez vous dire qu&rsquo;il y a eu,&nbsp; un avant et un apr\u00e8s, dans votre vie par [&hellip;]<\/p>\n","protected":false},"author":1,"featured_media":149,"parent":58,"menu_order":0,"comment_status":"closed","ping_status":"closed","template":"","meta":{"om_disable_all_campaigns":false,"_monsterinsights_skip_tracking":false,"_monsterinsights_sitenote_active":false,"_monsterinsights_sitenote_note":"","_monsterinsights_sitenote_category":0,"footnotes":""},"class_list":["post-180","page","type-page","status-publish","has-post-thumbnail","hentry"],"aioseo_notices":[],"_links":{"self":[{"href":"https:\/\/www.hypnoter-et-mer.com\/index.php\/wp-json\/wp\/v2\/pages\/180","targetHints":{"allow":["GET"]}}],"collection":[{"href":"https:\/\/www.hypnoter-et-mer.com\/index.php\/wp-json\/wp\/v2\/pages"}],"about":[{"href":"https:\/\/www.hypnoter-et-mer.com\/index.php\/wp-json\/wp\/v2\/types\/page"}],"author":[{"embeddable":true,"href":"https:\/\/www.hypnoter-et-mer.com\/index.php\/wp-json\/wp\/v2\/users\/1"}],"replies":[{"embeddable":true,"href":"https:\/\/www.hypnoter-et-mer.com\/index.php\/wp-json\/wp\/v2\/comments?post=180"}],"version-history":[{"count":6,"href":"https:\/\/www.hypnoter-et-mer.com\/index.php\/wp-json\/wp\/v2\/pages\/180\/revisions"}],"predecessor-version":[{"id":317,"href":"https:\/\/www.hypnoter-et-mer.com\/index.php\/wp-json\/wp\/v2\/pages\/180\/revisions\/317"}],"up":[{"embeddable":true,"href":"https:\/\/www.hypnoter-et-mer.com\/index.php\/wp-json\/wp\/v2\/pages\/58"}],"wp:featuredmedia":[{"embeddable":true,"href":"https:\/\/www.hypnoter-et-mer.com\/index.php\/wp-json\/wp\/v2\/media\/149"}],"wp:attachment":[{"href":"https:\/\/www.hypnoter-et-mer.com\/index.php\/wp-json\/wp\/v2\/media?parent=180"}],"curies":[{"name":"wp","href":"https:\/\/api.w.org\/{rel}","templated":true}]}}